 = 5*f, -4*n + 265 = -5*f - 5*n. Let i(v) = v**3 - 16*v**2 - 14*v - 19. Let g be i(17). Let a = g - f. What are the prime factors of a?
2, 3, 7
Let s be 16/2 + 0 + -3. Suppose -5*p = s*k - 970, -2*p = -k - 0*p + 209. Suppose 5*u - k = -3*r, r + 35 = u + 4*r. List the prime factors of u.
41
Let w = 6686 - 6603. What are the prime factors of w?
83
Suppose -7745 = -32*o - 1889. Let t(x) = 30*x**2 - 1. Let y be t(3). Let z = y - o. What are the prime factors of z?
2, 43
Let d(s) = 10*s**2 + 19*s + 764. List the prime factors of d(-27).
7541
Suppose 2*m + 4 + 8 = 5*o, -5*o + 4*m = -14. Suppose 3*y - 4*c = 747, -6*y + 2*y = o*c - 996. Suppose -y = -3*w - 30. What are the prime factors of w?
73
Let i be (1 - (6 - 540))/1. Let u = i - 354. What are the prime factors of u?
181
Suppose -139*l - 3840 = -142*l. Suppose 3*b = -2*v + l, 2*b + 0*b + 2*v - 850 = 0. List the prime factors of b.
2, 5, 43
Let l(w) = w**3 - 10*w**2 + 22*w + 3. Let h be l(7). Suppose 894 = 2*f - r, -r + 1800 = -6*f + h*f. List the prime factors of f.
449
Let p(o) = -o + 12. Let x be p(8). Let z(u) = 5 + 25*u**2 + 2 + x*u - 5 + 6*u**2. List the prime factors of z(-2).
2, 59
Let p = 8441 + 2739. What are the prime factors of p?
2, 5, 13, 43
Let p(b) = 7*b + 4. Let u(z) = 22*z - 26*z + 3 - 2 + 0. Let v be u(0). What are the prime factors of p(v)?
11
Suppose 5*l - 587 - 763 = 0. Suppose 3*w - 3*p + 0*p - 153 = 0, l = 5*w - 2*p. What are the prime factors of w?
2, 7
Let n be (-7 + 2 + 2)/(7/(-252)). List the prime factors of (114/4)/(n/1440).
2, 5, 19
Let j(d) = 2*d**2 + 12*d + 11. Let w be j(-5). Let a be w*1026 - -4 - -2. Suppose a = 7*s + 192. What are the prime factors of s?
2, 3, 5
Let d(w) = 3*w - 13. Let i be d(4). Let z be i/(-1) + (-4284)/(-9). Suppose -6*v - z = -9*v. List the prime factors of v.
3, 53
Let y be 0*(1 - 6 - -4). Let c(o) = o**2 + 6*o. Let w be c(y). Suppose 72*l - 77*l + 790 = w. What are the prime factors of l?
2, 79
Let w(i) = -423*i - 563. What are the prime factors of w(-15)?
2, 7, 59
Suppose -5*l = 1 - 11. Suppose l*p - 7 = 3. Suppose j = p*v - 377, 3*v - 5*j + 91 = 4*v. What are the prime factors of v?
2, 19
Let w = 522 + -8. Suppose w*g - 476 = 507*g. What are the prime factors of g?
2, 17
Suppose 1057 = -15*b + 22*b. Suppose -b = -x + 5*p, 2*x + p + 0*p - 280 = 0. What are the prime factors of x?
3, 47
Let c(w) = 2*w**3 - 11*w**2 - 4*w - 91. Let b = 141 + -131. List the prime factors of c(b).
769
Let r = 17067 + -10951. What are the prime factors of r?
2, 11, 139
Suppose -4*i - 4*c + 56 = 0, 2 = i + 2*c - 10. Let m be 11/(308/i) - 552/(-14). Suppose -a - 5*v + 138 = -m, -3*a + 454 = -v. List the prime factors of a.
3, 17
Suppose -2*l + 2*p + 8 = 0, -5*p = -8*l + 4*l + 17. Suppose 186 = l*n + 39. List the prime factors of 21/n + (-260)/(-14).
19
Suppose -51*o + 161*o = 507320. List the prime factors of o.
2, 1153
What are the prime factors of -10*(-3989 - 0/(3*(6 - 7)))?
2, 5, 3989
What are the prime factors of 524 + -2 - (5 + 0/(-7))?
11, 47
Suppose -4*j + 44284 = -2*f, -5*j = -5*f - 32647 - 22698. What are the prime factors of j?
3, 3691
Let v = 7670 + 1991. List the prime factors of v.
9661
Suppose -4*c + 0*c = 0, 6 = 2*x - 4*c. Let a(f) = 401*f + 5. Let z be a(0). Suppose 0 = h - z*n - 261, -x*h - 3*n = -5*n - 809. What are the prime factors of h?
271
Suppose -2*d = -b + 221 - 1682, -4*b = 3*d - 2208. Let r = -364 + d. What are the prime factors of r?
2, 23
Let w = 23841 + -16679. List the prime factors of w.
2, 3581
List the prime factors of (-2 + 84430/120)*12.
8419
Let r be (74241/(-6))/((-87)/58). Suppose 0 = -8*g + 751 + r. List the prime factors of g.
3, 5
Let j = -129 + 288. Let t = 8 + j. List the prime factors of t.
167
Let j(i) = 23*i**2 + i - 52. Let r be j(10). Let b = 3328 - r. List the prime factors of b.
2, 5, 107
Let n(m) = 249*m**2 - 5*m - 16. List the prime factors of n(8).
2, 5, 397
Let d(p) = -p**3 - p**2 - p + 26. Let l be d(7). Suppose 3*q - 1958 + 308 = 0. Let b = q + l. List the prime factors of b.
3, 59
Let m = -52 + 57. Suppose m*b - 4*w - 1726 = 0, 0*b + b + 5*w - 351 = 0. Suppose -5*u + 384 = -b. List the prime factors of u.
2, 73
Suppose 2*z = j + 56, 3*j = -2*z + 28 - 236. List the prime factors of (478/3)/((-44)/j).
239
Suppose 102*q - 200423 = 385261. List the prime factors of q.
2, 3, 11, 29
Let l = -89 - -128. Suppose l = -h + 3*b, 3*h = 6*h + 3*b + 105. What are the prime factors of ((-10)/(-4) - 9)/(2/h)?
3, 13
Let p(n) = n**3 - 33*n**2 - 121*n. What are the prime factors of p(38)?
2, 3, 19, 23
Let s be (23/(-46) + (-38)/(-12))*363. Suppose -4*i = -5*v - s, 2*i - 2*v + 703 = 5*i. What are the prime factors of i?
3, 79
Suppose -l + 3*l = -704. Let d = l + 617. Suppose 2*o = -3*o + 5*z + d, 3*o = 5*z + 159. What are the prime factors of o?
53
Let b(l) = -46*l + 52. Let c be b(1). Suppose 0 = 5*o + 4*d - 8700, 3*o = c*o + 5*d - 5220. List the prime factors of o.
2, 3, 5, 29
Let z = -78 + 89. Let a(n) = -n**3 + 16*n**2 - 17*n - 15. List the prime factors of a(z).
13, 31
Suppose 24336 = 4*t + 4*j + 127128, 0 = t + 3*j + 25704. What are the prime factors of ((-1)/(-3))/((-15)/t)?
571
Suppose -4*s + 9 + 1 = -2*i, -5*s + 15 = -2*i. Suppose 3*j + 19 = -s*c, 2 + 7 = -3*j - 3*c. List the prime factors of (j + 224/(-10))/((-15)/75).
2, 3, 17
Let t(w) = w**2 - 2*w + 2. Let f be t(2). Let q be (0 + 64/(-40))*150/12. List the prime factors of 7 + -10 - (f + q).
3, 5
Let h be (-40)/70 + (-5346)/(-21). Let u = h - -198. What are the prime factors of u?
2, 113
Let k(d) = -4*d**2 + 52 + 5*d - 3*d**2 - d + 2*d**3 - 7. What are the prime factors of k(7)?
2, 13
Suppose 0 = 2*x + l - 5907, -7*l + 4*l - 15 = 0. List the prime factors of x.
2, 739
Suppose -195 = -2*n + 415. Suppose -11*m + 16*m = n. What are the prime factors of m?
61
Let p(a) = a**2 - 7*a - 38. Let f be p(11). Let y(o) = 14*o**2 - 34. What are the prime factors of y(f)?
2, 5, 47
Let z be (-2)/(-5) + 38/5. Let t be (-92)/z*-70 + -2. Suppose -510 = -2*c + 3*s, 0 = 3*c + 5*s - 0*s - t. What are the prime factors of c?
3, 29
Let d = -2 + 16. Suppose -72 = -4*h - z, -11*h + 10*h + 18 = -z. Suppose d*m - h*m + 144 = 0. What are the prime factors of m?
2, 3
Let c = 22 - -14. Suppose 3469 = c*z - 5243. What are the prime factors of z?
2, 11
Let f = -4082 + 6707. List the prime factors of f.
3, 5, 7
Suppose 0 = -4*u - 1 + 9. Suppose 16 = 2*n + t, 2*n + u*n = -4*t + 24. List the prime factors of -2*(-165)/n + 2.
5, 7
Let p = -135 + 94. Suppose 4*b - 268 = -2*h, 5*h = 2*b - 0*b - 134. Let c = p + b. List the prime factors of c.
2, 13
Suppose 11*s + 22 = 44. Suppose -4*u = s*m - 1376, -7*m + 8*m + 1037 = 3*u. List the prime factors of u.
3, 5, 23
Let l(i) = -i**2 - 6*i + 4*i + 5 + 4*i + 4*i. Let h be l(7). List the prime factors of (-1 + h + 12)*6.
2, 3
Suppose -2*l + 48 = -6*l. Let i be l*(3 + (-11)/3)*3. Let n = i - -86. List the prime factors of n.
2, 5, 11
Let f(i) = -11*i - 4. Let s be f(-1). Suppose -9 = 2*b - s. What are the prime factors of b/6 + 4136/48?
2, 43
List the prime factors of (51 - 23)*686/8.
7
Suppose -7187 = 10*k - 24027. Suppose 0 = 3*s + s - k. What are the prime factors of s?
421
Let h(j) = -j**3 + 19*j**2 - 32*j - 32. Let d be h(14). Let k = d + -267. List the prime factors of k.
233
List the prime factors of 5 + (9614 - 2) - (-10 - -7).
2, 5, 13, 37
Let a(z) = 2*z**3 + 12*z**2 + 14*z - 22. Let r(l) = l**3 - l**2 - l - 1. Let n(f) = -a(f) + 5*r(f). What are the prime factors of n(8)?
313
Suppose -4*c = -4*x - 23340, -4*c - 9*x = -6*x - 23305. Let n = c + -4035. What are the prime factors of n?
5, 359
Let g(i) be the third derivative of i**5/20 - 5*i**4/12 - 11*i**3/6 - 58*i**2. Let y be (-25)/4 - (-9)/(-12). What are the prime factors of g(y)?
2, 103
Suppose 0*z + z = 6*z. Suppose z = o + 3*n - 439, -o + 8*n - 3*n = -407. List the prime factors of o.
7, 61
Suppose 0 = 2*s + 3*w - 9, 5*s = -w - 4*w + 20. Let m(b) = 93*b**3 + 3*b**2 - 2 + s*b - 86*b**3 - 4*b**2. What are the prime factors of m(1)?
7
Suppose 0 = 9*m - 23*m + 42*m - 420. Suppose 29 = 3*t - 94. Let n = t - m. List the prime factors of n.
2, 13
Suppose 3*l = -5*s + 10 + 17, 13 = 2*s - l. Let k(n) = 61*n**2 - 7*n + 8. Let x be k(2). List the prime factors of x/22 - s/(-33)*1.
11
Suppose 5*q = 2